{"id":466,"date":"2022-05-02T23:18:21","date_gmt":"2022-05-03T03:18:21","guid":{"rendered":"https:\/\/www.acupedia.ca\/acupedia\/?page_id=466"},"modified":"2022-05-05T23:12:11","modified_gmt":"2022-05-06T03:12:11","slug":"acupuncture-et-rhume","status":"publish","type":"page","link":"https:\/\/www.acupedia.ca\/acupedia\/acupuncture-et-rhume\/","title":{"rendered":"\u00a0"},"content":{"rendered":"<h1 class=\"entry-header\"><strong>Acupuncture et syndrome grippal&nbsp;<\/strong><\/h1>\n<div class=\"entry-content\">\n<p><span class=\"s1\"><a href=\"http:\/\/acupuncture-familiale.com\/wp-content\/uploads\/2016\/01\/fiche-technique-rhume.jpg\"><img loading=\"lazy\" decoding=\"async\" class=\"size-medium wp-image-115 alignright\" src=\"http:\/\/acupuncture-familiale.com\/wp-content\/uploads\/2016\/01\/fiche-technique-rhume-200x300.jpg\" sizes=\"auto, (max-width: 200px) 100vw, 200px\" srcset=\"https:\/\/acupuncture-familiale.com\/wp-content\/uploads\/2016\/01\/fiche-technique-rhume-200x300.jpg 200w, https:\/\/acupuncture-familiale.com\/wp-content\/uploads\/2016\/01\/fiche-technique-rhume-683x1024.jpg 683w, https:\/\/acupuncture-familiale.com\/wp-content\/uploads\/2016\/01\/fiche-technique-rhume.jpg 854w\" alt=\"fiche technique rhume\" width=\"200\" height=\"300\"><\/a>L\u2019\u00e9tat grippal est un \u00e9tat infectieux, pas forc\u00e9ment li\u00e9 au virus de la grippe, mais qui s\u2019en approche par ses sympt\u00f4mes : fi\u00e8vre, maux de t\u00eate, courbatures, nez qui coule, perte d\u2019app\u00e9tit. Les recommandations et traitements suivants concernent <strong>uniquement le rhume et non la vraie grippe<\/strong> (virus la grippe) d\u00e9clar\u00e9e. Ils sont indiqu\u00e9s chez&nbsp;les personnes en tout d\u00e9but de rhume et lors d\u2019un rhume d\u00e9clar\u00e9 pr\u00e9sentant au moins &nbsp;trois sympt\u00f4mes suivants:<\/span><\/p>\n<p><span style=\"color: revert; font-size: revert;\">Nez qui coule &#8211; \u00e9ternuements &#8211; congestion nasale &#8211; fi\u00e8vre absente ou l\u00e9g\u00e8re &#8211; courbatures &#8211; frissons et crainte du froid &#8211; toux l\u00e9g\u00e8re et non productive &#8211; raideur de la nuque &#8211; gorge qui picote.&nbsp;<\/span><br \/>\n<span style=\"color: initial; font-size: revert; white-space: pre-wrap;\">Sans traitement \u00e0 ce stade, l\u2019\u00e9nergie perverse peut envahir le poumon et donner des signes d\u2019atteinte plus profondes comme la toux, bronchite, trach\u00e9ite, pneumonie, gonflement abdominal, avec diarrh\u00e9e ou constipation.<\/span><\/p>\n<p><span class=\"s1\"><strong>Attention!Ce traitement n\u2019est pas adapt\u00e9 pour les \u00e9tats infectieux avec fi\u00e8vre \u00e9lev\u00e9e, douleur \u00e0 la gorge prononc\u00e9e (ou angine) et toux grasse abondante.<\/strong><\/span><\/p>\n<p class=\"p1\"><span class=\"s1\">Le rhume, bien que pas tr\u00e8s grave, est une affection assez complexe en m\u00e9decine chinoise. Il n\u2019est pas toujours li\u00e9 au climat de l\u2019automne ou de l\u2019hiver. Il peut \u00e9galement \u00eatre contract\u00e9 si la personne a \u00e9t\u00e9 expos\u00e9e \u00e0 l\u2019air conditionn\u00e9, aux courants d\u2019air ou si elle travaille dans des entrep\u00f4ts r\u00e9frig\u00e9r\u00e9s. Les textes chinois le d\u00e9finissent comme un \u00ab&nbsp;vent pervers&nbsp;\u00bb d\u2019origine externe. Ce vent externe peut se combiner avec d\u2019autres \u00e9tats climatiques pour donner ce qu\u2019on app\u00e8le: le vent-chaleur, le vent-froid, le vent-humidit\u00e9 ou le vent-s\u00e9cheresse. Ces diff\u00e9rents types de vents pourraient \u00eatre assimil\u00e9s \u00e0 des diff\u00e9rents types de microbes ou alors \u00e0 la fa\u00e7on dont la personne va r\u00e9agir face \u00e0 ces agresseurs. Par exemple, un vent-chaleur va g\u00e9n\u00e9rer des \u00e9tats infectieux plut\u00f4t li\u00e9s \u00e0 des maux de gorge s\u00e9v\u00e8res et forte fi\u00e8vre. Le rhume est dans la plupart des cas li\u00e9 \u00e0 une invasion d\u2019un&nbsp;<strong>vent ou un vent-froid externe.<\/strong> Ces facteurs agresseurs externes vont p\u00e9n\u00e9trer de fa\u00e7on progressive dans le corps de la personne et la gravit\u00e9 va d\u00e9pendre soit de la force de l\u2019agresseur externe, soit de la fa\u00e7on dont le corps va lutter.<\/span><\/p>\n<p class=\"p1\"><span class=\"s1\">&nbsp;Les textes anciens ont d\u00e9finit 6 niveaux \u00e9nerg\u00e9tiques par lesquelles les vents-froids pervers vont p\u00e9n\u00e9trer dans le corps. Ainsi, une personne en bonne sant\u00e9 qui se prends en charge d\u00e8s l\u2019apparition des premiers sympt\u00f4mes peut juste pr\u00e9senter de l\u2019\u00e9coulement et congestion nasale ainsi que des \u00e9ternuements puis gu\u00e9rir par la suite: le vent pervers aura seulement attaqu\u00e9 la premi\u00e8re couche \u00e9nerg\u00e9tique (TAI YANG) car son syst\u00e8me immunitaire a r\u00e9ussi \u00e0 le chasser efficacement. Ceci explique pourquoi certaines personnes \u00e2g\u00e9es et personnes asthmatiques sont tr\u00e8s sensibles \u00e0 ces agresseurs externes pour qui un simple rhume peut aller jusqu\u2019\u00e0 la pneumonie. Ceci est d\u00fb \u00e0 une d\u00e9ficience d\u2019\u00e9nergie protectrice (WEI QI) et<a href=\"http:\/\/acupuncture-familiale.com\/wp-content\/uploads\/2016\/01\/6-niveaux.jpg\"><img loading=\"lazy\" decoding=\"async\" class=\"size-medium wp-image-118 alignright\" src=\"http:\/\/acupuncture-familiale.com\/wp-content\/uploads\/2016\/01\/6-niveaux-200x300.jpg\" sizes=\"auto, (max-width: 200px) 100vw, 200px\" srcset=\"https:\/\/acupuncture-familiale.com\/wp-content\/uploads\/2016\/01\/6-niveaux-200x300.jpg 200w, https:\/\/acupuncture-familiale.com\/wp-content\/uploads\/2016\/01\/6-niveaux-683x1024.jpg 683w, https:\/\/acupuncture-familiale.com\/wp-content\/uploads\/2016\/01\/6-niveaux.jpg 854w\" alt=\"6 niveaux\" width=\"200\" height=\"300\"><\/a> \u00e9nergie nourrici\u00e8re (YING QI) , \u00e9nergies qui sont assimil\u00e9es en m\u00e9decine occidentale \u00e0 notre syst\u00e8me immunitaire. Cependant, une personne en bonne sant\u00e9 peut \u00e9galement tomber malade si le vent pervers est fort (par exemple, des souches r\u00e9sistantes de la grippe). Quand &nbsp;l\u2019agent pervers est log\u00e9 dans la couche TAI YANG, il faut consommer des plantes de nature chaude et piquante comme le gingembre, la cannelle, le clou de girofle car le chaud lutte contre l\u2019agent froid-pervers et le piquant l\u2019expulse gr\u00e2ce \u00e0 sa nature expansive et centrifuge. On dit alors qu\u2019ils lib\u00e8rent la surface.<\/span><\/p>\n<p class=\"p1\"><span class=\"s1\">LA CONGESTION ET \u00c9COULEMENT NASALE sont des sympt\u00f4mes du rhume. Ils sont li\u00e9s \u00e0 un dysfonctionnement de l\u2019\u00e9nergie du poumon qui n\u2019arrive pas \u00e0 diffuser correctement les liquides du nez. Des mucosit\u00e9s s\u2019accumulent pour provoquer de la congestion.<\/span><\/p>\n<table>\n<tbody>\n<tr>\n<td>VOICI COMMENT TRAITER VOTRE RHUME D\u00c8S L\u2019APPARITION DES PREMIERS SYMPT\u00d4MES AVEC DES POINTS D\u2019ACUPUNCTURE:<\/td>\n<\/tr>\n<\/tbody>\n<\/table>\n<p class=\"p1\"><span class=\"s1\">1. POINTS D\u2019ACUPUNCTURE<\/span><\/p>\n<p class=\"p1\"><span class=\"s1\">\u2013 Massez chacun de ces points dans le sens inverse des aiguilles d\u2019une montre pendant 3-5 min. <\/span><\/p>\n<p class=\"p1\"><span class=\"s1\">\u2013 Frottez ensuite chacun &nbsp;ces points avec le dos de votre index, &nbsp;jusqu\u2019\u00e0 ce que la peau devienne ros\u00e9e. C\u2019est une fa\u00e7on d\u2019apporter un peu de chaleur \u00e0 ces points car la chaleur aide \u00e0 chasser efficacement le vent-froid. Les acupuncteurs utilisent parfois la moxibustion pour r\u00e9chauffer les points d\u2019acupuncture. <\/span><\/p>\n<p class=\"p1\"><span class=\"s1\">\u2013 <strong>4GI (Gros intestin):<\/strong> Un des points d\u2019acupuncture les plus importants et plus connus en m\u00e9decine chinoise. Ce point offre un \u00e9ventail d\u2019applications. C\u2019est un point int\u00e9ressant pour le rhume car \u00e9tant le point de commande du visage, il permet de d\u00e9congestionner le nez et de soulager les c\u00e9phal\u00e9es frontales. Il permet aussi de chasser le vent pervers et de tonifier l\u2019\u00e9nergie d\u00e9fensive.<\/span><\/p>\n<p class=\"p1\"><span class=\"s1\">\u2013 <strong>7P (Poumon):<\/strong> Point ma\u00eetre de la t\u00eate et de la nuque. Point d\u2019ouverture du m\u00e9ridien REN MAI. Ce point disperse le Vent-Froid, lib\u00e8re la Surface et favorise les fonctions de descente et de diffusion du Poumon. Soulage les c\u00e9phal\u00e9es dues au rhume.<\/span><\/p>\n<p class=\"p1\"><span class=\"s1\">\u2212 <strong>12 Vessie<\/strong> : Feng men (= porte du vent). Comme son nom l\u2019indique, il est la porte du vent et permet de chasser le vent et de lib\u00e9rer la surface. &nbsp;Appliquer des ventouses sur ce point est extr\u00eamement efficace pour chasser le Vent.<\/span><\/p>\n<p class=\"p1\"><span class=\"s1\">\u2013 <strong>Facultatif: 20 VB<\/strong> : si vous souhaitez potentialiser votre traitement, vous pourrez aussi masser ce point qui est tr\u00e8s efficace pour chasser toutes sortes de vents pervers. Il a une action int\u00e9ressante sur les affections de la t\u00eate d\u00fbs aux attaques de vent tel que c\u00e9phal\u00e9es occipitales, vertiges, rhinite. <\/span><\/p>\n<p class=\"p1\"><span class=\"s1\">2. PREMI\u00c8RE CHAINE DU M\u00c9RIDIEN DE LA VESSIE<\/span><\/p>\n<p class=\"p1\"><span class=\"s1\">\u2013 Frottez vigoureusement des deux premi\u00e8res chaines du m\u00e9ridien de la vessie ( allant du 11V jusqu\u2019au 25V ) avec le dos de l\u2019index en faisant \u00ab&nbsp;des vas-et-viens&nbsp;\u00bb pour faire <a href=\"http:\/\/acupuncture-familiale.com\/wp-content\/uploads\/2016\/01\/MPvessie.jpg\"><img loading=\"lazy\" decoding=\"async\" class=\"size-medium wp-image-116 alignright\" src=\"http:\/\/acupuncture-familiale.com\/wp-content\/uploads\/2016\/01\/MPvessie-200x300.jpg\" sizes=\"auto, (max-width: 200px) 100vw, 200px\" srcset=\"https:\/\/acupuncture-familiale.com\/wp-content\/uploads\/2016\/01\/MPvessie-200x300.jpg 200w, https:\/\/acupuncture-familiale.com\/wp-content\/uploads\/2016\/01\/MPvessie-683x1024.jpg 683w, https:\/\/acupuncture-familiale.com\/wp-content\/uploads\/2016\/01\/MPvessie.jpg 854w\" alt=\"MPvessie\" width=\"200\" height=\"300\"><\/a>appara\u00eetre une coloration ros\u00e9e au niveau de la peau. En chauffant ce m\u00e9ridien (ZU TAI YANG), vous allez stimuler votre syst\u00e8me immunitaire et favoriser l\u2019expulsion de l\u2019agent pervers de type froid, soit, votre rhume. En effet, le m\u00e9ridien de la vessie est avec le m\u00e9ridien de l\u2019intestin gr\u00eale (SHOU TAI YANG), le bouclier des maladies dues au vent-froid externe. Ils contr\u00f4lent la surface et g\u00e8rent les attaques qui se situent au niveau de la peau et de l\u2019enveloppe musculaire. C\u2019est pour cela qu\u2019on retrouve ces &nbsp;deux m\u00e9ridiens en premi\u00e8re position dans la th\u00e9orie des 6 niveaux \u00e9nerg\u00e9tiques.&nbsp;<\/span><\/p>\n<p class=\"p1\"><span class=\"s1\">\u2013 Facultatif: Appliquez des ventouses sur le 12 V (une ventouse sur chaque 12V). Il existe des ventouses en silicone sur le march\u00e9 qui sont tr\u00e8s faciles \u00e0 utiliser. Faites une succion moyenne et laissez en place une 10 aine de minutes. D\u00e8s que la peau devient rouge \u00e9carlate, retirez-la. Les ventouses peuvent laisser des marques violac\u00e9es peu esth\u00e9tiques mais qui dispara\u00eetront en quelques jours. N\u2019utilisez pas de ventouses \u00e0 feu si vous n\u2019\u00eates pas habitu\u00e9 car il y a des risques de brul\u00fbre avec.<\/span><\/p>\n<p class=\"p1\"><span class=\"s1\">3. AUTRES SUGGESTIONS \u00c0 AJOUTER \u00c0 VOTRE TRAITEMENT<\/span><\/p>\n<p class=\"p1\"><span class=\"s1\">\u2013 <strong>FLEURS DE SUREAU<\/strong>: infusion 10 min: 4 \u00e0 5 tasses par jour surtout avant de se coucher.<\/span><\/p>\n<p class=\"p1\"><span class=\"s1\">\u2013 <strong>ECHINAC\u00c9E<\/strong> en g\u00e9lules ou en teinture-m\u00e8re ( on en trouve dans les pharmacies).<\/span><\/p>\n<p class=\"p1\"><span class=\"s1\">\u2013 <strong>BAINS DE BRAS<\/strong> : Tremper les bras dans de l\u2019eau \u00e0 37 degr\u00e9s dans un lavabo et rajouter de l\u2019eau chaude pour monter progressivement en 5 min la temp\u00e9rature \u00e0 43-44 degr\u00e9s. Maintenir ensuite cette temp\u00e9rature pendant 20 min \u00e0 l\u2019aide d\u2019un thermom\u00e8tre de bain. Cela fait suer abondamment le visage et le cou. Cela d\u00e9congestionne la t\u00eate.<\/span><\/p>\n<p class=\"p1\"><span class=\"s1\">\u2013 <strong>Oscillococcinum<\/strong> (granules hom\u00e9opathiques en pharmacie): prendre une dose d\u00e8s l\u2019apparition des premiers sympt\u00f4mes. Peut \u00eatre \u00e9galement pris par la suite lors d\u2019un rhume bien install\u00e9. Suivre les recommandations du fabricant BOIRON.<\/span><\/p>\n<p class=\"p1\"><span class=\"s1\">\u2013 <strong>D\u00e9coction&nbsp;cannelle, thym, girofle<\/strong>. Ces trois plantes sont de nature piquante et chaude. Elles ont une action anti-infectieuse. Pensez \u00e0 \u00e9dulcorer avec du miel gr\u00e2ce \u00e0 ses propri\u00e9t\u00e9s anti-infectieuses; le miel soulagera \u00e9galement votre gorge si elle est un peu irrit\u00e9e. <\/span><\/p>\n<p class=\"p1\"><span class=\"s1\">\u2013 <strong>D\u00e9coction avec gingembre frais et oignons verts:<\/strong>&nbsp; Coupez des tranches minces de gingembre (5 \u00e0 8 tranches environ) avec &nbsp;3 \u00e0 5 petites branches d\u2019oignons verts (partie blanche) coup\u00e9es et faire bouillir le tout dans 500ml d\u2019eau &nbsp;pendant 10 min. Buvez cette boisson lorsqu\u2019elle sera ti\u00e8de.<\/span><\/p>\n<p class=\"p1\"><span class=\"s1\">\u2013 <strong>Vitamine C<\/strong> de pr\u00e9f\u00e9rence naturelle: elle peut \u00eatre prise en g\u00e9lules d\u2019ac\u00e9rola ou alors \u00e0 travers certains fruits riches en vitamine C tel que le citron, pamplemousse, kiwi ou canneberge. <\/span><\/p>\n<p class=\"p1\"><span class=\"s1\">\u2013 N\u00e9bulisations \u00e0 base d\u2019huile essentielle d\u2019eucaliptus pour d\u00e9gager les bronches, nez et sinus et fluidifier les s\u00e9cr\u00e9tions. Ses propri\u00e9t\u00e9s anti-inflammatoires et anti-infectieuses seront tr\u00e8s utiles. Il est important de prendre des HE pures et de les acheter dans un magasin bio ou sp\u00e9cialis\u00e9. Demandez au repr\u00e9sentant quelle vari\u00e9t\u00e9 serait la plus utile pour votre cas. <\/span><\/p>\n<p class=\"p1\"><span class=\"s1\">\u2013 Evitez tout type de laitages pendant votre rhume car ils favorisent la production de glaires et mucosit\u00e9s.<\/span><\/p>\n<p class=\"p1\"><span class=\"s1\">\u2013 Reposez-vous et dormez le plus possible afin de mieux r\u00e9cup\u00e9rer.<\/span><\/p>\n<p class=\"p1\"><span class=\"s1\">Il existe bien d\u2019autres ingr\u00e9dients et produits qui aident \u00e0 combattre le rhume et \u00e0 renforcer les d\u00e9fenses immunitaires. Un naturopathe, herboriste ou acupuncteur qualifi\u00e9 en plantes chinoises pourront mieux vous conseiller.<\/span><\/p>\n<p class=\"p1\">Ne tardez pas trop, plus votre rhume sera trait\u00e9 rapidement, plus vous gu\u00e9rirez vite.<\/p>\n<table>\n<tbody>\n<tr>\n<td>\n<p class=\"p1\"><span class=\"s1\">PR\u00c9CAUTIONS:<\/span><\/p>\n<p class=\"p1\"><span class=\"s1\">\u2013 GINGEMBRE: il n\u2019est pas recommand\u00e9 de prendre du gingembre si vous prenez des m\u00e9dicaments anticoagulants de type AVK ( Coumadin = warfarine) car cela peut alt\u00e9rer sa concentration dans le sang. Si vous \u00eates sujet aux br\u00fblures d\u2019estomac ou reflux gastrique, le gingembre risque d\u2019empirer cet \u00e9tat.<\/span><\/p>\n<p class=\"p1\"><span class=\"s1\">\u2013 ACUPUNCTURE: si vous avez le rhume le m\u00eame jour que le rendez-vous chez un acupuncteur, il est tr\u00e8s important de lui parler de votre \u00e9tat. Certains points d\u2019acupuncture sont contre-indiqu\u00e9s \u00e0 la puncture pour la raison suivante: ils pourraient favoriser la progression de votre \u00e9tat infectieux vers des plans plus profonds. Il se pourrai alors que votre acupuncteur refuse de traiter votre probl\u00e8me pour lequel vous venez consulter initialement. Il vous offrira probablement un traitement pour vous aider \u00e0 combattre le rhume.<\/span><\/p>\n<p class=\"p1\"><span class=\"s1\">\u2013 4 GI: Ce point est interdit pendant la grossesse.<\/span><\/p>\n<p class=\"p1\">\u2013 FRICTION DE LA PEAU: Frictionner les points d\u2019acupuncture quand on a un rhume, peut \u00eatre inconfortable car la peau est plus sensible. Faites-le selon votre tol\u00e9rance.<\/p>\n<p class=\"p1\"><span class=\"s1\">\u2013 EVOLUTION DE VOTRE RHUME: si votre rhume a \u00e9volu\u00e9 vers une forte fi\u00e8vre, toux grasse abondante, angine ou douleur intense \u00e0 la gorge, difficult\u00e9s respiratoires, abandonnez ce traitement et consultez un m\u00e9decin si vous jugez n\u00e9cessaire.<\/span><\/p>\n<\/td>\n<\/tr>\n<\/tbody>\n<\/table>\n<p>Article \u00e9crit par Gabriela Melo, Ac &#8211; Acupunctrice<\/p>\n<\/div>\n<div><\/div>\n","protected":false},"excerpt":{"rendered":"<p>Acupuncture et syndrome grippal&nbsp; L\u2019\u00e9tat grippal est un \u00e9tat infectieux, pas forc\u00e9ment li\u00e9 au virus de la grippe, mais qui s\u2019en approche par ses sympt\u00f4mes : fi\u00e8vre, maux de t\u00eate, courbatures, nez qui coule, perte d\u2019app\u00e9tit. Les recommandations et traitements suivants concernent uniquement le rhume et non la vraie grippe (virus la grippe) d\u00e9clar\u00e9e. Ils [&hellip;]<\/p>\n","protected":false},"author":1,"featured_media":0,"parent":0,"menu_order":0,"comment_status":"closed","ping_status":"closed","template":"","meta":{"pmpro_default_level":0,"footnotes":""},"class_list":["post-466","page","type-page","status-publish","hentry","pmpro-has-access"],"_links":{"self":[{"href":"https:\/\/www.acupedia.ca\/acupedia\/wp-json\/wp\/v2\/pages\/466","targetHints":{"allow":["GET"]}}],"collection":[{"href":"https:\/\/www.acupedia.ca\/acupedia\/wp-json\/wp\/v2\/pages"}],"about":[{"href":"https:\/\/www.acupedia.ca\/acupedia\/wp-json\/wp\/v2\/types\/page"}],"author":[{"embeddable":true,"href":"https:\/\/www.acupedia.ca\/acupedia\/wp-json\/wp\/v2\/users\/1"}],"replies":[{"embeddable":true,"href":"https:\/\/www.acupedia.ca\/acupedia\/wp-json\/wp\/v2\/comments?post=466"}],"version-history":[{"count":6,"href":"https:\/\/www.acupedia.ca\/acupedia\/wp-json\/wp\/v2\/pages\/466\/revisions"}],"predecessor-version":[{"id":517,"href":"https:\/\/www.acupedia.ca\/acupedia\/wp-json\/wp\/v2\/pages\/466\/revisions\/517"}],"wp:attachment":[{"href":"https:\/\/www.acupedia.ca\/acupedia\/wp-json\/wp\/v2\/media?parent=466"}],"curies":[{"name":"wp","href":"https:\/\/api.w.org\/{rel}","templated":true}]}}